l - 164 = -4*l + 4*b. Let o = 20 - 0. Calculate the remainder when l is divided by o.
17
Let c(b) = 9*b + 106. What is the remainder when 28 is divided by c(-11)?
0
Let p(m) = 30*m + 1071. Calculate the remainder when 350 is divided by p(-34).
44
Let i be 0/(-1*(2 - 0)). Let q(k) = -k**3 + k**2 + k - 48. Let n be q(i). Let j = n + 73. Calculate the remainder when j is divided by 7.
4
Suppose -m = 4 - 14. Let p = -105 + 159. Suppose -4*w + p = -m. What is the remainder when 63 is divided by w?
15
Let w = -81 - -95. Let m = 4 + -4. Suppose 0 = y - 8 - m. Calculate the remainder when w is divided by y.
6
Suppose -4*v - 100 = -9*v. Let g = 71 + -76. Let x = v + g. What is the remainder when 74 is divided by x?
14
Let j = 26 - 29. Let v = -7 - j. What is the remainder when 49 is divided by -4 + 28 + v + -3?
15
Let u(k) = k**3 + 10*k**2 - 12*k - 17. Let f be u(-11). What is the remainder when 21 is divided by 8*(-3)/f + 2?
3
Let s = -6 - -10. Let w(q) = q**2 - 11*q + 29. Let r be w(8). Suppose 3*u = 4*c + 6*u - 53, r*u - 43 = -s*c. Calculate the remainder when c is divided by 5.
2
Suppose 2 = -3*j - 16. Let n = j + 19. Calculate the remainder when 37 is divided by n.
11
Let p be 5/(-2)*(0 + -2). Suppose p*u = 99 - 39. Let y = -1143 - -1165. Calculate the remainder when y is divided by u.
10
Suppose -5*l + 162 = -3*t, -3*l - 4*t + 2*t + 101 = 0. Let h(p) = -p + 23. Let d be h(0). Let v = -14 + d. What is the remainder when l is divided by v?
6
Let n = -22 + 31. What is the remainder when 35 is divided by n?
8
Suppose p + 2*t - 17 = -t, 3*p + 9 = 3*t. Let d be 3 + (3 - (-4 + 6)). Suppose -d*q = -33 + 29. What is the remainder when p is divided by q?
0
Let u(c) = 3*c + 36. Let p be u(-12). Suppose 6*r - 8*r + 68 = p. What is the remainder when r is divided by 13?
8
Suppose 3*y - 4*y + 26 = 2*r, -4*r = -2*y - 60. Calculate the remainder when 94 is divided by r.
10
What is the remainder when 114 is divided by (4 - -40) + 9 + -8 + -6?
36
Suppose -550 = 5*q + 5*p, 0 = 3*q - 2*q + 3*p + 120. Let r = -96 - q. What is the remainder when 21 is divided by r?
3
Let v = 25 - 17. Suppose -12*k + 148 = -v*k. What is the remainder when k is divided by 20?
17
Let w be ((-25)/(-2) - 4)*20/2. What is the remainder when 101 is divided by (18/5 + -4)/((-1)/w)?
33
Let o(x) = -21*x + 110. Let q be o(7). Let u(m) = -m**2 + 5*m + 12. Let j be u(9). Let p = j - q. What is the remainder when 37 is divided by p?
11
Suppose 2*l = -4*q + 4*l + 110, -4*q - 5*l + 75 = 0. Calculate the remainder when 71 is divided by q.
21
Let c(r) = -r**3 + r**2 - 2*r + 19. Let y(u) = 2*u - 6. Let x = 29 + -26. Let z be y(x). Calculate the remainder when 35 is divided by c(z).
16
Suppose -5*q - 3*q + 1760 = 0. Suppose 25*u + q = 27*u. Suppose 0 = 2*a - 19 - 37. What is the remainder when u is divided by a?
26
Let i(r) = -10*r. Let v be i(-2). Suppose 0 = 5*m + v, -104 = -4*x + 4*m. What is the remainder when x is divided by 8 + 0/(20/(-5))?
6
Suppose -2 = 4*p - 18. Let d = p - -21. Calculate the remainder when (10/d)/(2/170) is divided by 18.
16
Let o(a) = -4*a + 11. Let h be 5/5 + (-3 - 7). Calculate the remainder when o(h) is divided by 234/15 - (-6)/15.
15
Let r(j) = j**3 + 6*j**2 - j - 1. Let q be r(-6). Let k(s) = -8*s + 1. Let p be k(2). What is the remainder when -3 - q/(p/42) is divided by 4?
3
Let o(r) = -7*r - 42. Let l(g) = 8*g + 43. Let s(y) = 2*l(y) + 3*o(y). Calculate the remainder when 99 is divided by s(-12).
19
Suppose 0*n + 5*n = 20. Calculate the remainder when (-2*n/24)/((-3)/666) is divided by 11.
8
Suppose 43*h - 1974 = -51*h. Calculate the remainder when h is divided by (-8)/(-10)*5/1.
1
Let a(m) = m**2 + m + 4. Let t = 2 + -5. Calculate the remainder when 49 is divided by a(t).
9
Let u(i) = 2*i**2 + 15*i - 1. Let g be u(-8). Let s = 12 - g. Suppose -5*z - s*l + 10*l = -70, 4*l = -z - 6. What is the remainder when z is divided by 3?
1
Let q(n) = n**3 + 11*n**2 + 6*n - 1. Let z be -8 - -7 - (-2 + 10). Calculate the remainder when q(z) is divided by 18.
17
Let m(t) = t**2 + 18*t - 6. Calculate the remainder when m(-19) is divided by 4.
1
Let s = 1779 - 1079. What is the remainder when s is divided by 54?
52
Suppose 173 = 25*a - 827. Suppose 33 = 5*t + 8. Suppose -t*o = -o - a. Calculate the remainder when 19 is divided by o.
9
Suppose 3*m - 6 = -3*d, 4*m + 4 = 5*d - 3*d. Let b = 0 - -2. Suppose -2*z + 80 = -d*r, -b*z + 5*z + 2*r = 125. Calculate the remainder when z is divided by 14.
13
Suppose -114*t = -118*t + 544. Suppose -2*h - t = -6*h. Calculate the remainder when h is divided by 12.
10
Let m = -5049 + 5053. Calculate the remainder when ((-1)/(-1))/(1/19) is divided by m.
3
Suppose 4*s - 5*v - 159 = 0, s + 5*v - 22 + 1 = 0. Suppose -c = -4*c + s. Let r = c + -9. What is the remainder when 8 is divided by r?
2
Calculate the remainder when 294 is divided by (-8)/((-13)/((-494)/(-4))).
66
Let x = 35 + -35. Suppose 2*h + x*h - 3 = -5*d, 0 = -2*h + 5*d + 53. Calculate the remainder when 40 is divided by h.
12
Let k(x) = x**3 - 8*x**2 - 22*x + 7. Let u be k(12). Suppose -4*z - u = -503. What is the remainder when 181 is divided by z?
43
Suppose 5*u - 8*g + 262 = 7*u, -3*u - 3*g + 375 = 0. Calculate the remainder when u is divided by 35.
18
Suppose 21 = 6*r - 5*r - 5*u, 3*r = -5*u - 17. Calculate the remainder when r is divided by 4*3/48 + (-6)/(-8).
0
Let c(r) be the second derivative of -19*r**3/6 - 4*r**2 + 9*r. Calculate the remainder when c(-2) is divided by 246/15 - (-2)/(-5).
14
Suppose -j - 4*h = -h + 4, 0 = -j - 4*h. Let x = 28 + j. Calculate the remainder when 20 is divided by x.
8
Let k be (-15 - -1)/(0 - 2). Suppose -264 = -k*o + o. What is the remainder when 175 is divided by o?
43
Let r(b) = -b + 49. What is the remainder when r(-4) is divided by 29?
24
Let z(u) = u**2 + 9*u + 4. Let o(m) = 5 + 5*m**2 + 7*m - 3*m**2 + 3*m. Let a(b) = -2*o(b) + 3*z(b). What is the remainder when 15 is divided by a(6)?
7
Suppose -2 = 5*k - 12. Let y(u) = 8 + 3*u + 2*u + k*u - 6*u. Calculate the remainder when 55 is divided by y(11).
17
Let v be (-9)/(-4) + ((-1)/4 - -1). Suppose -i = v*m - 254, 2*m - 3*i - 173 = -0*i. What is the remainder when m is divided by 22?
19
Let n(i) = -i**3 - 6*i**2 + 5*i - 6. Let x(d) = -d**2 - 5*d - 10. Let o be x(-8). Let v = -13 - o. What is the remainder when n(-8) is divided by v?
19
Let y = -380 - -675. Calculate the remainder when y is divided by 11.
9
Suppose -2*j + 212 - 902 = -3*t, -5*t + 1150 = 5*j. Calculate the remainder when t is divided by 18.
14
Suppose -l = -i - 4*l - 8, -i + l + 4 = 0. Calculate the remainder when 3 is divided by i.
0
Let u(w) = -20*w - 4. Let r be ((-9)/(-2))/(1/(-2)). Let d be ((-12)/r)/((-2)/3). Calculate the remainder when u(d) is divided by 13.
10
Let j = 34 - -52. Suppose 0 = -4*c + 4*d + 88, c + d = -2*c + j. Let k = 3 - -4. What is the remainder when c is divided by k?
6
Let l(t) = -t**2 - 6*t - 3. Let d be l(-4). Suppose -152 = -d*v + o + 141, -3*v = 5*o - 159. Calculate the remainder when v is divided by 30.
28
Let d(v) = -v - 5. Let j(c) = 3*c + 9. Let b(t) = 11*d(t) + 6*j(t). Calculate the remainder when 58 is divided by b(3).
18
Let o = 107 + -78. Suppose 314 + 41 = 5*b. Let n = b - o. Calculate the remainder when n is divided by 22.
20
Suppose 7 = 3*j - 35. Suppose j = 3*y - 4*r - 5, 0 = -4*y - 2*r + 40. What is the remainder when (370/22 - (-4)/22)*2 is divided by y?
7
Let v(j) = -j**3 + 14*j**2 + 13*j + 52. What is the remainder when 38 is divided by v(15)?
16
Suppose 32 = c + 3*s, 2*s = -5*c - s + 124. Calculate the remainder when 1379 is divided by c.
22
Suppose -3*y = 5*t - 95, y - 39 = 6*t - 4*t. Calculate the remainder when y is divided by 10.
5
Let i = 57 - 87. Let o = 6 + -21. Let g = o - i. Calculate the remainder when g is divided by 4.
3
Let m be (-4)/16*(-3 + 3). Let h = m - -2. Calculate the remainder when 15 is divided by h.
1
Let w(v) = 2*v**2 - 100*v - 451. Calculate the remainder when 148 is divided by w(55).
49
Let g(m) = -2*m + 229. Calculate the remainder when g(20) is divided by 64.
61
Calculate the remainder when (-1736)/(-5) + (-75)/375 is divided by 44.
39
Let v(l) = 4*l**3 - l + 1. Let z be v(1). Let r = z + -1. Suppose -7*x - d + 54 = -2*x, 0 = -2*x + 4*d + 26. What is the rem